
What is -4062 (base 7) in base 14?
-732
What is -26011 (base 9) in base 15?
-52c1
-111200 (base 3) to base 6
-1413
9507 (base 15) to base 11
21743
Convert 222332 (base 4) to base 10.
2750
16053 (base 10) to base 14
5bc9
What is -2455 (base 6) in base 2?
-1001100011
1005 (base 6) to base 14
11b
Convert 260 (base 8) to base 9.
215
What is -10111010211 (base 3) in base 4?
-100300111
Convert 320223 (base 4) to base 11.
27a8
-17b (base 15) to base 16
-155
Convert -d1d5 (base 16) to base 3.
-2201200112
-4228 (base 10) to base 4
-1002010
What is 201 (base 15) in base 4?
13003
Convert -111120 (base 3) to base 9.
-446
Convert -103 (base 10) to base 16.
-67
Convert -584 (base 15) to base 8.
-2341
-12221 (base 3) to base 12
-114
100110001 (base 2) to base 4
10301
What is -137 (base 13) in base 12?
-15b
-e099 (base 15) to base 14
-133b4
-108603 (base 9) to base 11
-45128
What is -100200211 (base 3) in base 9?
-10624
Convert 50402 (base 7) to base 5.
342303
101000111001011 (base 2) to base 13
96b9
What is 11222 (base 5) in base 9?
1102
7a9 (base 13) to base 6
10042
10010110 (base 2) to base 10
150
Convert -22054 (base 6) to base 11.
-2330
Convert -5377 (base 12) to base 16.
-23cb
What is a42 (base 11) in base 9?
1645
What is 21420 (base 5) in base 4?
113031
Convert 2472 (base 9) to base 15.
832
-31206 (base 8) to base 11
-9799
Convert 9c17 (base 16) to base 14.
107c3
Convert -3717 (base 9) to base 10.
-2770
34c2 (base 13) to base 10
7425
Convert 10204 (base 6) to base 12.
964
-404233 (base 5) to base 4
-3030030
128a3 (base 11) to base 14
69b2
Convert 2465 (base 8) to base 6.
10101
What is -10221212122 (base 3) in base 11?
-5359a
1a3 (base 15) to base 10
378
Convert 22 (base 16) to base 15.
24
1155 (base 6) to base 13
191
-ccc (base 14) to base 8
-4744
-3dc (base 14) to base 15
-372
What is 102054 (base 6) in base 3?
102022021
1000100010001111 (base 2) to base 7
203631
Convert -3044 (base 11) to base 10.
-4041
Convert 6723 (base 9) to base 2.
1001101100010
Convert 2b20 (base 14) to base 2.
1110111111000
What is c27 (base 13) in base 8?
4015
-55510 (base 6) to base 13
-36ab
What is 6426 (base 7) in base 2?
100011100010
-51 (base 12) to base 11
-56
Convert 101001100111011 (base 2) to base 5.
1140212
-18d5 (base 16) to base 5
-200412
Convert 22ce (base 16) to base 15.
2990
What is -15540 (base 6) in base 7?
-10344
8b37 (base 13) to base 10
19481
330212 (base 5) to base 14
4199
Convert -cd8 (base 15) to base 10.
-2903
4b (base 16) to base 5
300
Convert -2401 (base 6) to base 5.
-4302
Convert -6272 (base 10) to base 15.
-1cd2
What is -6412 (base 7) in base 10?
-2263
-10340 (base 6) to base 12
-9b0
What is 2627 (base 13) in base 10?
5441
Convert 5345 (base 6) to base 15.
562
What is -13340 (base 6) in base 3?
-2211220
Convert 4133 (base 6) to base 11.
768
Convert -4511 (base 6) to base 7.
-3031
-1150 (base 9) to base 3
-1011200
What is -165b8 (base 12) in base 9?
-47755
Convert -30d (base 14) to base 13.
-373
What is 1672 (base 13) in base 3?
11112101
40404 (base 10) to base 4
21313110
What is -f891 (base 16) in base 7?
-353343
Convert -334510 (base 6) to base 3.
-1102202220
278 (base 10) to base 8
426
367 (base 13) to base 5
4332
Convert 898 (base 13) to base 12.
a31
c8c (base 13) to base 4
201200
Convert 100110000011 (base 2) to base 8.
4603
What is -132 (base 6) in base 15?
-3b
120111 (base 5) to base 15
148b
Convert 10111000111101 (base 2) to base 10.
11837
-a2 (base 14) to base 13
-ac
1547 (base 9) to base 6
5241
What is -32 (base 11) in base 6?
-55
-10031 (base 5) to base 11
-533
8037 (base 10) to base 7
32301
What is -135 (base 13) in base 8?
-325
What is -1eca (base 15) in base 4?
-1220323
Convert -70 (base 15) to base 7.
-210
What is 3202114 (base 5) in base 12?
26aa9
-23 (base 13) to base 11
-27
What is -6512 (base 13) in base 16?
-36da
Convert 1042 (base 8) to base 15.
266
What is 299 (base 13) in base 10?
464
-4215 (base 6) to base 8
-1663
Convert 1001112010 (base 3) to base 6.
240133
-2411402 (base 5) to base 2
-1010111000111010
-14342 (base 7) to base 8
-7556
Convert 7456 (base 11) to base 6.
113354
212301 (base 5) to base 3
100212201
-19673 (base 12) to base 5
-2142424
Convert -1112220 (base 3) to base 11.
-939
Convert 20031 (base 6) to base 9.
3521
What is -25840 (base 10) in base 3?
-1022110001
f7 (base 16) to base 8
367
1787 (base 10) to base 16
6fb
21222130 (base 4) to base 9
60257
Convert 253 (base 6) to base 12.
89
Convert 71 (base 13) to base 16.
5c
-1066 (base 8) to base 16
-236
What is -cb (base 16) in base 13?
-128
Convert 46aa2 (base 11) to base 12.
33340
Convert -111 (base 5) to base 14.
-23
11aa8 (base 11) to base 3
212201202
43ba (base 13) to base 11
710a
-421423 (base 5) to base 2
-11011010100100
What is 2110101121 (base 3) in base 8?
136420
7235 (base 11) to base 7
36660
Convert -1242 (base 5) to base 9.
-238
100111 (base 2) to base 3
1110
What is 290 (base 14) in base 3?
201012
Convert -11514 (base 9) to base 8.
-17034
Convert 21111 (base 6) to base 12.
1797
-1a7 (base 14) to base 4
-11113
Convert -186 (base 15) to base 9.
-430
Convert -11101210010 (base 3) to base 14.
-237b2
Convert 213 (base 10) to base 3.
21220
1647 (base 14) to base 10
3983
Convert -11022221 (base 3) to base 5.
-100112
Convert 15223 (base 7) to base 2.
1000010000111
Convert -3533 (base 10) to base 9.
-4755
What is 1c4 (base 13) in base 9?
405
-11111000101 (base 2) to base 14
-a21
What is 2936 (base 10) in base 4?
231320
What is 3011220 (base 4) in base 14?
4876
Convert -bc04 (base 13) to base 15.
-7b69
What is -8e (base 15) in base 13?
-a4
5410 (base 13) to base 2
10110110011010
Convert -467 (base 14) to base 15.
-3d5
Convert 1001010001 (base 2) to base 3.
210222
What is 1112000 (base 3) in base 2?
10001010011
-214464 (base 7) to base 8
-111375
What is -4a14 (base 12) in base 7?
-33253
-1452 (base 8) to base 5
-11220
What is 4405a (base 11) in base 13?
23156
What is -4580 (base 10) in base 3?
-20021122
Convert -150b8 (base 12) to base 4.
-13031030
What is 81314 (base 9) in base 3?
2201100111
What is 6655 (base 9) in base 15?
16c5
20 (base 11) to base 15
17
1c6 (base 14) to base 16
172
What is -20334 (base 6) in base 7?
-10636
11430 (base 5) to base 7
2344
-3342 (base 5) to base 11
-39a
265b (base 13) to base 10
5484
-13221013 (base 4) to base 8
-75107
Convert 2c3 (base 13) to base 4.
13301
1001111100100 (base 2) to base 11
390a
Convert 12020 (base 3) to base 13.
ab
-10b (base 16) to base 14
-151
What is -4271 (base 8) in base 11?
-1750
1971 (base 11) to base 10
2498
Convert 12012 (base 3) to base 10.
140
What is 4634 (base 11) in base 12?
3633
a04 (base 15) to base 11
176a
What is -1000110011 (base 2) in base 8?
-1063
Convert -7167 (base 15) to base 3.
-1012211221
-110111111 (base 2) to base 8
-677
What is -53a1 (base 12) in base 16?
-23e9
What is -5455 (base 6) in base 14?
-65d
Convert -23 (base 4) to base 14.
-b
4425 (base 8) to base 6
14433
Convert -17077 (base 10) to base 9.
-25374
What is 4165 (base 8) in base 16?
875
111110011 (base 2) to base 3
200111
-6540 (base 12) to base 14
-40b6
Convert 24db (base 14) to base 4.
1211001
-1220413 (base 5) to base 12
-11541
Convert 1a (base 12) to base 10.
22
-8a3 (base 16) to base 10
-2211
What is 112 (base 16) in base 3?
101011
12010202 (base 3) to base 6
25202
What is 11010 (base 2) in base 4?
122
What is -3626 (base 7) in base 4?
-110333
-33 (base 9) to base 2
-11110
Convert 100000 (base 3) to base 8.
363
What is -70 (base 14) in base 5?
-343
335045 (base 6) to base 13
cb7b
Convert -796 (base 15) to base 13.
-a20
What is -41424 (base 5) in base 8?
-5263
What is -34453 (base 6) in base 13?
-2322
Convert -113 (base 11) to base 12.
-b3
-114 (base 13) to base 14
-d4
222112212 (base 3) to base 4
10232123
What is -1000111000111010 (base 2) in base 4?
-20320322
What is -141013 (base 6) in base 4?
-3032001
567 (base 15) to base 12
85a
4c2 (base 14) to base 7
2532
What is -1553 (base 6) in base 13?
-270
Convert 20311123 (base 4) to base 12.
18b37
Convert -1100100000 (base 2) to base 8.
-1440
What is 9366 (base 12) in base 2?
11111010111110
-13450 (base 6) to base 13
-c6c
What is 220012 (base 3) in base 2?
1010001101
4256 (base 10) to base 6
31412
12436 (base 10) to base 4
3002110
186 (base 13) to base 6
1143
Convert 